 = c**2 + 18*c + 33. Calculate f(-17).
16
Let q(v) = 245*v + 986. Calculate q(-4).
6
Let t(k) = k**2 - k + 60. What is t(0)?
60
Let j(r) = r**3 - 32*r**2 + 27*r + 124. Determine j(31).
0
Let n(k) = k**3 + k**2 - 7*k - 2. Calculate n(-3).
1
Let c(x) = 28*x + 104. Give c(-3).
20
Let x(s) = s**2 + 16*s + 11. Determine x(-14).
-17
Let m(w) = w**3 + 29*w**2 - 26*w + 118. What is m(-30)?
-2
Let a(s) = -s**2 + 8*s - 11. Give a(6).
1
Let o(x) = -x**2 - 11*x + 8. Give o(-9).
26
Let m(h) = -h**3 + 18*h**2 + 123*h - 180. Determine m(23).
4
Let q(p) = -p**2 - 7*p. Give q(-4).
12
Let m(i) = -11*i**2 - 37*i - 40. Determine m(-2).
-10
Let b(r) = -r - 2. Determine b(-9).
7
Let b(w) = -w**3 + 37*w**2 - 6*w + 217. Give b(37).
-5
Let h(b) = b**3 - 14*b**2 + 2*b - 31. Give h(14).
-3
Let o(a) = -a**3 - 13*a**2 - 11*a - 3. Calculate o(-12).
-15
Let g(p) = p**2 - 10*p + 1. Determine g(11).
12
Let l(m) = m**3 + 12*m**2 + 11*m - 5. What is l(-11)?
-5
Let n(y) = -3*y + 1. What is n(2)?
-5
Let q(z) = -13*z + 134. Calculate q(10).
4
Let t(a) = a**2 + 20*a - 99. Calculate t(-23).
-30
Let p(j) = -j**3 + 3*j**2 + 8*j - 4. Give p(5).
-14
Let m(n) = -2*n**2 - 23*n - 14. Determine m(-11).
-3
Let r(j) = -7*j**2 + 2*j - 2. Calculate r(2).
-26
Let q(d) = 158*d + 1739. Give q(-11).
1
Let n(r) = -3*r**3 + 15*r**2 + 4*r - 13. Calculate n(5).
7
Let d(k) = -2*k**3 + 3*k**2 + 4*k - 6. Calculate d(2).
-2
Let m(q) = -18*q + 35. What is m(3)?
-19
Let p(k) = -2*k**2 + 19*k + 12. Determine p(10).
2
Let p(y) = -y**3 + y - 5. Calculate p(-2).
1
Let b(w) = w**3 - 8*w**2 + 6*w - 42. Calculate b(8).
6
Let v(j) = 44*j + 51. Calculate v(-1).
7
Let l(h) = -h**2 - 6*h + 10. Determine l(5).
-45
Let y(z) = 19*z - 3. Give y(3).
54
Let j(c) = -c**3 + 4*c**2 - 3*c - 2. Determine j(3).
-2
Let r(f) = -f**2 - 8*f - 15. Determine r(-5).
0
Let n(i) = i**3 + 8*i**2 + 6*i + 4. Calculate n(-7).
11
Let j(y) = 3*y**3 - 7*y**2 - 2*y + 6. Calculate j(3).
18
Let t(f) = 19*f + 104. Calculate t(-6).
-10
Let s(r) = r**2 + 14*r - 7. Give s(-13).
-20
Let d(l) = l**3 + 8*l**2 + 12*l - 2. Give d(-6).
-2
Let x(i) = -i + 5. What is x(-4)?
9
Let l(p) = p**2 - 14*p + 11. Calculate l(8).
-37
Let g(h) = h**2 + h + 93. What is g(0)?
93
Let d(w) = 4*w**2 + 3*w - 3. What is d(-3)?
24
Let f(g) = -6*g. Give f(2).
-12
Let b(v) = -v**3 - 6*v - 5. Give b(0).
-5
Let r(o) = -o**2 + o + 3. Determine r(3).
-3
Let u(v) = -v**3 - 12*v**2 - 12*v - 16. What is u(-11)?
-5
Let n(p) = -34*p - 159. Determine n(-5).
11
Let t(y) = -8*y + 14. What is t(-4)?
46
Let b(a) = -a**3 + 42*a**2 + 44*a - 37. Calculate b(43).
6
Let w(f) = f + 2. Determine w(-6).
-4
Let x(q) = -q**3 - 60*q**2 - 57*q + 113. What is x(-59)?
-5
Let q(v) = v**3 - 36*v**2 - 35*v - 72. Determine q(37).
2
Let x(n) = -n**3 - 8*n**2 - 5*n + 11. Determine x(-7).
-3
Let n(i) = -14*i + 5. Calculate n(-3).
47
Let u(c) = -c**2 - 3*c + 18. Give u(3).
0
Let f(w) = -w**3 - 8*w**2 + 7*w - 13. What is f(-9)?
5
Let y(k) = k - 1. Calculate y(6).
5
Let h(a) = -5*a - 17. Calculate h(0).
-17
Let w(z) = -5*z**2 + z - 12. Determine w(-4).
-96
Let y(n) = 8*n - 1. Give y(-2).
-17
Let x(f) = -2*f**2 + 5*f - 2. Determine x(3).
-5
Let n(j) = -5*j**2 + 3*j - 3. What is n(2)?
-17
Let c(r) = -r**2 - 15*r - 6. Determine c(-14).
8
Let y(h) = 2*h + 6. What is y(-11)?
-16
Let g(c) = c**2 - 9*c + 9. Calculate g(6).
-9
Let l(w) = 38*w**3 + w**2 + w + 1. What is l(-1)?
-37
Let g(a) = -21*a + 7. Give g(1).
-14
Let f(c) = 3*c**2 + 14*c + 1. What is f(-5)?
6
Let w(n) = 5*n - 38. Determine w(8).
2
Let g(k) = -k**3 - 11*k**2 - 9*k + 9. Give g(-10).
-1
Let n(w) = 15*w + 32. Calculate n(-5).
-43
Let r(a) = -a**2 - 16*a + 13. What is r(-16)?
13
Let c(s) = s**2 - 8*s + 6. What is c(5)?
-9
Let t(l) = 4*l - 40. Determine t(5).
-20
Let t(k) = -k**3 + 13*k**2 + 32*k - 3. What is t(15)?
27
Let r(t) = -3*t**3 + 2*t**2 - 3*t + 1. Determine r(3).
-71
Let w(i) = 4*i**2 + i - 3. Give w(2).
15
Let u(a) = 3*a**3 + 5*a**2 + 7*a + 4. Determine u(-1).
-1
Let q(a) = 5*a - 14. Give q(-8).
-54
Let s(c) = -2*c**2 + 29*c - 29. Calculate s(11).
48
Let g(q) = -q**2 + 16*q - 50. Give g(7).
13
Let v(z) = z**3 + 13*z**2 + 13*z - 11. Give v(-12).
-23
Let l(y) = y**3 - 3*y**2 - 7. What is l(3)?
-7
Let q(u) = u**2 - 15*u + 6. Calculate q(14).
-8
Let w(m) = 4*m**3 + 3*m**2 - 5*m + 6. What is w(2)?
40
Let j(u) = -u**2 + 14*u + 10. Calculate j(15).
-5
Let j(q) = 3*q**2 + 26*q + 49. Give j(-5).
-6
Let v(t) = 55*t**2 - 3*t + 4. Give v(2).
218
Let q(x) = 11*x + 220. What is q(-21)?
-11
Let o(h) = h**3 - 7*h**2 - 2*h + 14. What is o(7)?
0
Let n(w) = w**2 - 2*w - 7. What is n(-5)?
28
Let h(y) = y**3 - 3*y**2 + 2*y + 3. What is h(3)?
9
Let x(y) = -y**3 - 12*y**2 + 7*y - 46. Give x(-13).
32
Let w(k) = -5*k - 72. Give w(-9).
-27
Let k(q) = 2*q - 14. Give k(4).
-6
Let w(b) = 7*b + 20. Determine w(-6).
-22
Let i(n) = 3*n**2 - 6*n - 5. What is i(4)?
19
Let i(t) = -t**3 + 13*t**2 - 2*t + 19. Calculate i(13).
-7
Let p(r) = r + 33. What is p(12)?
45
Let y(o) = -6*o**2 + 14*o - 9. What is y(4)?
-49
Let v(n) = 4*n**2 + 38*n + 22. Give v(-9).
4
Let s(v) = -v**2 + 2*v + 10. What is s(4)?
2
Let m(g) = -2*g**2 + 17*g - 8. Calculate m(8).
0
Let i(m) = m**3 + 13*m**2 - 14*m - 19. What is i(-14)?
-19
Let y(g) = g**3 - 25*g**2 - 4*g + 100. Give y(25).
0
Let u(t) = -t**3 + 13*t**2 - 29*t - 6. Calculate u(10).
4
Let y(j) = j**2 - 13*j + 5. Calculate y(14).
19
Let a(l) = l**2 + 4*l - 2. Calculate a(-4).
-2
Let t(q) = 5*q - 15. Determine t(6).
15
Let x(w) = 14*w - 131. Give x(11).
23
Let q(t) = -4*t + 3. Calculate q(2).
-5
Let g(t) = -12*t - 815. Calculate g(-68).
1
Let c(l) = l**3 + 6*l**2 - 3*l - 13. Give c(-6).
5
Let y(d) = d**2 + 8*d - 36. Calculate y(6).
48
Let c(m) = -m**2 - 4*m + 12. Calculate c(13).
-209
Let g(t) = t**3 - 13*t**2 - 2*t + 31. What is g(13)?
5
Let q(m) = 7*m**2 - 15*m + 3. Calculate q(2).
1
Let a(m) = m**3 - 5*m**2 - 2*m + 3. Calculate a(4).
-21
Let a(f) = 2*f**2 + 4*f - 49. Determine a(-8).
47
Let k(q) = q + 22. Calculate k(-11).
11
Let t(s) = s**3 - 10*s**2 + 9*s + 4. Determine t(9).
4
Let f(q) = -q + 58. Give f(19).
39
Let t(i) = -2*i - 12. Determine t(-11).
10
Let p(s) = s**2 + 30*s + 62. Give p(-28).
6
Let u(n) = -2*n**2 + 20*n + 23. Give u(12).
-25
Let b(x) = -x**2 + 10*x - 9. Determine b(8).
7
Let x(u) = 2*u**3 + 31*u**2 - 13*u + 56. What is x(-16)?
8
Let m(k) = 3*k - 28. Determine m(8).
-4
Let g(l) = l**2 - 2*l - 13. What is g(5)?
2
Let d(w) = 2*w + 2. What is d(-7)?
-12
Let w(z) = -z**2 + 2*z + 8. Calculate w(0).
8
Let v(n) = -84*n + 285. Calculate v(3).
33
Let z(i) = i**2 - 101. What is z(-16)?
155
Let o(q) = 23*q**2 - q - 2. Give o(-1).
22
Let h(z) = -4*z + 87. What is h(26)?
-17
Let d(z) = z**2 + 10*z + 29. What is d(-4)?
5
Let s(i) = -2*i**2 - 2*i - 3. Calculate s(0).
-3
Let u(c) = c**3 + 13*c**2 - 21*c - 8. Give u(-14).
90
Let h(u) = u**3 - 17*u**2 - 19*u + 25. Determine h(18).
7
Let w(l) = 8*l**2 + 26*l + 2. What is w(-3)?
-4
Let b(i) = -i**3 + 6*i**2 - 10*i. Calculate b(3).
-3
Let j(o) = -3*o**3 - 3*o**2 + 2. Calculate j(3).
-106
Let t(w) = 5*w**3 + 4*w**2 + 3*w + 1. Determine t(-1).
-3
Let i(r) = -r**2 - 11*r + 33. Calculate i(-13).
7
Let s(h) = -5*h**2 - 108*h - 71. What is s(-21)?
-8
Let r(w) = w**3 + 2*w**2 + w + 1. Calculate r(-3).
-11
Let w(q) = -42*q + 2. What is w(2)?
-82
Let v(t) = 3*t + 86. Give v(-22).
20
Let u(a) = -a**2 + a + 26. Calculate u(-6).
-16
Let l(y) = y**2 + 5*y + 2. Determine l(-3).
-4
Let x(c) = -c**3 + 10*c**2 - 8*c - 13. What is x(9)?
-4
Let z(p) = p**2 - 12*p + 10. Calculate z(4).
-22
Let s(t) = 2*t**2 - 29*t - 16. What is s(15)?
-1
Let z(l) = 4*l + 21. What is z(-8)?
-11
Let h(g) = g**3 - 12*g**2 - g + 10. What is h(12)?
-2
Let u(l) = -l**2 + 12*l + 6. Calculate u(9).
33
Let u(n) = 5*n - 1. Calculate u(3).
14
Let d(k) = -70*k**2 - 9*k - 10. Calculate d(-1).
-71
Let l(a) = a**2 - 6*a - 29. Calculate l(-4).
11
Let z(w) = -w - 22. What is z(0)?
-22
Let t(o) = 43*o**2 - 1. What is t(-1)?
42
Let z(p) = -p**2 + 3*p + 303. Determine z(19).
-1
Let y(i) = 2*i**2 - 2*i + 4. Determine y(2).
8
Let x(p) = -p**2 - 8*p + 36. Determine x(-11).
3
Let h(c) = -c**3 - 5*c**2 - c + 4. Give h(-3).
-11
Let c(q) = -q**3 - 7*q**2 + 4*q - 17. Calculate c(-8).
15
Let j(x) = -x**3 - 2*x**2 + 5*x - 2. Give j(-4).
10
Let v(i) = i**2 + 20*i + 4.